= -4 + 25. Suppose -6*k + m = -5*k + r, -4*k = -2*r - 60. What is the remainder when k is divided by 9?
8
Let f be 207/(-1) + 0 - -3. What is the remainder when (-1)/(-2) + f/(-8) is divided by 9?
8
Suppose -b = 4*z - 27, -2*b - 2*z = -6 - 30. Calculate the remainder when b is divided by 4.
3
Let o be ((-1)/2)/((-4)/40). Suppose -2*a - 5*u = -o*a + 3, -5*a + 33 = u. Calculate the remainder when 22 is divided by a.
4
Let x = 40 - 16. What is the remainder when x is divided by 9?
6
What is the remainder when 28 is divided by ((-3)/(-1))/(21/70)?
8
Let t(i) = -i**3 - 2. Let q be (4/(-10))/((-2)/(-10)). Let l be t(q). Let g(o) = 2*o - 5. What is the remainder when 20 is divided by g(l)?
6
Let f(r) = 2*r**2 - r - 2 + 9*r + 0 - r. What is the remainder when f(-7) is divided by 24?
23
Calculate the remainder when (-458)/(-5) + 6/15 is divided by 25.
17
Let m(a) = -a + 7. Let s be m(-6). Suppose 0*u = 5*u. Let f = s + u. What is the remainder when 38 is divided by f?
12
Let q = 13 + -8. Suppose -h = h, -i = 4*h - 5. Suppose -4*z - 2*p = -60, 4*z + i*p - 85 = -z. Calculate the remainder when z is divided by q.
3
Suppose -4*n - n + 655 = 0. Let b = -82 + n. Let h(g) = -g**2 - 7*g + 1. Calculate the remainder when b is divided by h(-3).
10
Let x = 23 - 5. Suppose -144 - x = -3*b. What is the remainder when b is divided by 14?
12
Suppose 2*o + o = 6. Suppose -2*a - o = -4. Calculate the remainder when 28 is divided by 16 - (a/(-1) + 2).
13
Let z(b) = -2*b + 26. What is the remainder when 28 is divided by z(8)?
8
Let b = 8 - -57. Suppose n - 7 = -3*h, -n + 5*h - b = 4*n. Let j = 1 - n. Calculate the remainder when 16 is divided by j.
7
Suppose 0 = -3*i + 39 - 9. What is the remainder when (1/2)/((-1)/(-36)) is divided by i?
8
Let q be 8/5 + 2/5. Suppose 5*o = 3*p - 106, q*p = -3*p + 4*o + 155. What is the remainder when p is divided by 14?
13
What is the remainder when (84/(-35))/(1539/(-510) + 3) is divided by 20?
16
Suppose 3*j - 38 = -3*k - 2, 0 = -4*k + 3*j + 13. Suppose 0 = 4*f + f + 20. Let t = 8 + f. Calculate the remainder when k is divided by t.
3
Suppose 0 = 2*o + 4*s - 16, 2*o - s = -3*o + 51. What is the remainder when 37 is divided by o?
7
Suppose 2*y + 4*d + 26 = 0, -8 = -4*y - d + 5*d. Let w(h) = h**2 + 9*h + 10. Calculate the remainder when 5 + y - (2 - 2) is divided by w(-8).
0
Suppose 4*w - 20 = -0*w. Let o(y) = y**3 - 6*y**2 + 7*y - 6. Suppose -24 = -4*s - 0*s. Calculate the remainder when s is divided by o(w).
2
Suppose 2*g - g - 36 = 0. Suppose -j + g = -0*j. Suppose -14 = -2*d + q, j = 5*d + 3*q - 5*q. Calculate the remainder when 13 is divided by d.
5
Suppose 4*s = -4*b + 696, 613 = 5*s + b - 269. Calculate the remainder when s is divided by 45.
42
Suppose 7*d + 28 = 3*d. Let p be -1 + 0 - d - 0. What is the remainder when 2 is divided by (1 - 2) + (p - 4)?
0
Suppose 0 = 5*w - 5*c - 40, 4*c = w + 2*c - 10. Suppose -14 = -2*i + w. What is the remainder when 19 is divided by i?
9
Let d(a) = -a**2 - 16*a - 41. What is the remainder when d(-7) is divided by 3?
1
Let y(p) = p**3 - 9*p**2 + 5*p + 4. Let w be y(8). What is the remainder when (50/w)/(2/(-4)) is divided by 5 - (-3)/(3/(-2))?
2
Suppose 5*d - 12 = 9*d. Let x be 1 - (-38 + 3 + d). Suppose -x = -6*r + 3*r. Calculate the remainder when 23 is divided by r.
10
Suppose -5*u = -31 - 139. What is the remainder when u is divided by (7 - 6) + (13 - 2)?
10
Let j(o) = o**3 + 7*o**2 + 4*o + 2. Let n = -21 - -15. Let b = 34 + 6. What is the remainder when b is divided by j(n)?
12
Let h = 2 + -8. What is the remainder when 9 is divided by 1 - 2*9/h?
1
Let t(n) = -n**2 + 5*n + 2. Suppose 6*g = 2*g + 20. Let k be t(g). Suppose -k*o = -7 - 21. Calculate the remainder when 25 is divided by o.
11
Suppose 2*f + 50 = 4*d, 0*f + 25 = -5*f. What is the remainder when 29 is divided by d?
9
Let i = -27 + -23. Calculate the remainder when 77 is divided by i*-1*2/5.
17
Let d = -28 - -41. Calculate the remainder when 50 is divided by d.
11
Suppose 15 = 5*g + 5*v, -2*g - g - 2*v = -6. What is the remainder when 23 - (-3)/(-3 + g) is divided by 6?
4
Let y(x) = 6*x**2 + 4*x + 2. What is the remainder when y(-4) is divided by 21?
19
Let c = -8 - -12. Suppose -4*u = u - i - 252, c*i - 42 = -u. Suppose -3*z + 8*z - u = 0. What is the remainder when z is divided by 6?
4
Let s(v) = -v**2 - 5*v - 1. Let b = -1 - 3. Calculate the remainder when 5 is divided by s(b).
2
Let d(z) = z**3 + 2*z**2 - 3*z + 3. Let t(c) = -3*c**3 - 6*c**2 + 8*c - 8. Let w(a) = 11*d(a) + 4*t(a). What is the remainder when w(-4) is divided by 10?
7
Suppose -8*g = -117 + 5. Calculate the remainder when g is divided by 8.
6
Let x(h) = 2*h**2 + h - 7. Let k be x(-5). Let v be (56/(-3))/4*3. Let t = k + v. Calculate the remainder when t is divided by 13.
11
Suppose 99 = -4*v + 5*v. Calculate the remainder when v is divided by 20.
19
Suppose 0 = 3*u - 3 - 0. Let y = u + 3. Suppose -8 = 2*a - y*a. What is the remainder when 6 is divided by a?
2
Let z = 231 - 218. What is the remainder when 127 is divided by z?
10
Let y(m) = -m**3 - 3*m**2 - 2*m. Let d be y(-3). What is the remainder when 23 is divided by (-32)/d*27/(-12)?
11
Suppose -k = 2*k - 123. Suppose -15 = -4*o + k. Calculate the remainder when 25 is divided by o.
11
Let a = 95 - 82. Calculate the remainder when a is divided by 9.
4
Suppose -10 + 0 = -5*n. Let a(d) = 7*d - 2. What is the remainder when 34 is divided by a(n)?
10
Let u = -21 + 39. Calculate the remainder when 88 is divided by u.
16
Let c(h) be the third derivative of h**5/30 - h**4/24 + h**3/6 + 3*h**2. Let z be c(-4). Let t = z + -26. Calculate the remainder when t is divided by 6.
5
Let j be -1*2 + -1 + 2. Let u be -2 + 35*j - -1. Calculate the remainder when (-460)/u + 2/9 is divided by 5.
3
Suppose -6*h = -2*h - 532. Calculate the remainder when h is divided by 17.
14
Let q = 62 - 56. Calculate the remainder when q is divided by 4.
2
Let k = 11 + -7. Suppose -x - b + 0*b = -7, -3*x - 14 = -k*b. Suppose x*v + 3*v = 120. Calculate the remainder when v is divided by 13.
11
Suppose 8 = 2*r + 6*f - 4*f, r - 4 = -2*f. What is the remainder when 6 is divided by r?
2
Suppose 74 + 52 = 3*n. Let p = 8 + 3. What is the remainder when n is divided by p?
9
Let k(d) = -d + 0 + 2 - 5 + d**2. Let g be k(-3). What is the remainder when 5 is divided by 11/4 + g/(-12)?
1
Let s be 18/(-4) - 7/14. Calculate the remainder when s + 5 + (-2 - -49) is divided by 25.
22
Suppose 2*a = -a. Let b(f) = -f**2 - f + 9. What is the remainder when b(a) is divided by 5?
4
Suppose 1 = -k + 6. Let x(z) = -z**2 + 7*z - 3. Calculate the remainder when ((-4)/(-8))/((-1)/(-26)) is divided by x(k).
6
Let i(o) = o**2 + 6*o + 2. Let j(x) = -x**3 + x**2 - x + 7. Calculate the remainder when j(0) is divided by i(-6).
1
Let x(b) = b**3 + 2*b**2. Let j be x(-2). Suppose -5*q = j, -3*a + a + 5*q - 4 = 0. What is the remainder when (2/a)/((-2)/10) is divided by 3?
2
Let n = -8 + 13. Let p(o) = 2*o**2 + 3*o + 2. Calculate the remainder when p(3) is divided by (n/4)/((-2)/(-24)).
14
Let k = 50 + -28. Suppose -a + 3*a = k. Calculate the remainder when a is divided by 3.
2
Let s(n) = 9*n + 7. Let d = 6 - 6. Suppose d = -4*w + 56 + 16. Calculate the remainder when s(5) is divided by w.
16
Let z(a) = -a**3 + 8*a**2 - 8*a - 14. What is the remainder when 25 is divided by z(6)?
5
Let x = 7 - -3. Let f = -68 + 95. Calculate the remainder when f is divided by x.
7
Let c be (-6 + 7)/(2/4). Calculate the remainder when 9 is divided by 2*(3/c - -1).
4
Let w(g) = g - 6. Let t be w(12). Let m(f) = f. Let z be m(t). Suppose -v + z*v = 85. What is the remainder when v is divided by 9?
8
Calculate the remainder when (-16)/10*25/(-2) is divided by 6.
2
Suppose 21 = 5*t - 44. Suppose -4*c + t - 1 = 0. Suppose p + 0*p + 2*a - 7 = 0, 0 = -c*p + 4*a + 71. Calculate the remainder when p is divided by 9.
8
Calculate the remainder when (-1)/(-2) - 66/(-4) is divided by ((-12)/10)/((-2)/15).
8
What is the remainder when (7 + -6)/(2/102) is divided by 18?
15
Let n(h) = -126*h**3 - h**2 - h. What is the remainder when n(-1) is divided by 32?
30
Suppose -4*b = -o + 68, -3*o - 3*b = -4*o + 64. What is the remainder when o is divided by 27?
25
Suppose 9 - 1 = -4*r, 4*m - 2*r - 64 = 0. Let n(y) = 7*y